{"id":32,"date":"2015-01-02T16:28:52","date_gmt":"2015-01-02T16:28:52","guid":{"rendered":"http:\/\/www.jksrotmetal.cz\/?page_id=32"},"modified":"2016-04-06T06:26:03","modified_gmt":"2016-04-06T06:26:03","slug":"kontakty","status":"publish","type":"page","link":"https:\/\/www.jksrotmetal.cz\/?page_id=32","title":{"rendered":"Kontakty"},"content":{"rendered":"<h4>Otev\u00edrac\u00ed doba<\/h4>\n<p>pond\u011bl\u00ed &#8211; p\u00e1tek 8.00 &#8211; 17.00<br \/>\nsobota 8.00 &#8211; 13.00<\/p>\n<h4><strong>Adresa provozovny<\/strong><\/h4>\n<p>T\u0159\u00edda V\u00edt\u011bzstv\u00ed ev. \u010d. 126<br \/>\nKunovice 686 04<\/p>\n<h4><strong>Adresa kontaktn\u00ed<\/strong><\/h4>\n<p>Lidick\u00e1 432<br \/>\nKunovice 686 04<br \/>\ntel: 608 124 127, 608 124 126<br \/>\ne-mail: <a href=\"mailto:katkaosohova@seznam.cz\">katkaosohova@seznam.cz<\/a><\/p>\n<p class=\"western\"><span style=\"font-family: Arial,sans-serif;\"><b>I\u010c: 73 84 81 23, DI\u010c:CZ 7259011485<\/b><\/span><\/p>\n<h4><strong>Popis p\u0159\u00edstupov\u00e9 trasy do v\u00fdkupny<\/strong><\/h4>\n<p style=\"text-align: justify;\">Do za\u0159\u00edzen\u00ed vede cesta ze sm\u011bru od Uh. Hradi\u0161t\u011b v bl\u00edzkosti silnic I\/50 a I\/55 v Kunovic\u00edch a v bl\u00edzkosti firmy \u00a0Ham\u00e9 a Tuf\u00edr. Po pr\u016fjezdu sv\u011btelnou k\u0159i\u017eovatkou \u00a0u n\u00e1kupn\u00edho centra COOP pokra\u010dujte 50 metr\u016f a oto\u010dte se do protism\u011bru. Po dal\u0161\u00edch 50 metrech odbo\u010dte vpravo na \u00fa\u010delovou komunikaci, pokra\u010dujte rovn\u011b a po lev\u00e9 stran\u011b se nach\u00e1z\u00ed v\u00fdkupna kov\u016f. Dal\u0161\u00ed p\u0159\u00edjezd do za\u0159\u00edzen\u00ed je ze sm\u011bru od Kunovic, p\u0159ed sv\u011btelnou k\u0159i\u017eovatkou u n\u00e1kupn\u00edho centra COOP odbo\u010dte na \u00fa\u010delovou komunikaci, d\u00e1le doprava a rovn\u011b do v\u00fdkupny.<\/p>\n<p><iframe style=\"border: 0;\" src=\"https:\/\/www.google.com\/maps\/embed?pb=!1m18!1m12!1m3!1d2615.007467480357!2d17.467038199999998!3d49.04848159999998!2m3!1f0!2f0!3f0!3m2!1i1024!2i768!4f13.1!3m3!1m2!1s0x471315b1d1b7d6e9%3A0xd3be7877c4dabb25!2zdMWZLiBWw610xJt6c3R2w60sIDY4NiAwNCBLdW5vdmljZQ!5e0!3m2!1scs!2scz!4v1420651699772\" width=\"600\" height=\"450\" frameborder=\"0\"><\/iframe><\/p>\n","protected":false},"excerpt":{"rendered":"<p>Otev\u00edrac\u00ed doba pond\u011bl\u00ed &#8211; p\u00e1tek 8.00 &#8211; 17.00 sobota 8.00 &#8211; 13.00 Adresa provozovny T\u0159\u00edda V\u00edt\u011bzstv\u00ed ev. \u010d. 126 Kunovice 686 04 Adresa kontaktn\u00ed Lidick\u00e1 432 Kunovice 686 04 tel: 608 124 127, 608 124 126 e-mail: katkaosohova@seznam.cz I\u010c: 73 84 81 23, DI\u010c:CZ 7259011485 Popis p\u0159\u00edstupov\u00e9 trasy do v\u00fdkupny Do za\u0159\u00edzen\u00ed vede cesta ze&#8230; <\/p>\n","protected":false},"author":1,"featured_media":0,"parent":0,"menu_order":0,"comment_status":"closed","ping_status":"closed","template":"","meta":{"ngg_post_thumbnail":0},"_links":{"self":[{"href":"https:\/\/www.jksrotmetal.cz\/index.php?rest_route=\/wp\/v2\/pages\/32"}],"collection":[{"href":"https:\/\/www.jksrotmetal.cz\/index.php?rest_route=\/wp\/v2\/pages"}],"about":[{"href":"https:\/\/www.jksrotmetal.cz\/index.php?rest_route=\/wp\/v2\/types\/page"}],"author":[{"embeddable":true,"href":"https:\/\/www.jksrotmetal.cz\/index.php?rest_route=\/wp\/v2\/users\/1"}],"replies":[{"embeddable":true,"href":"https:\/\/www.jksrotmetal.cz\/index.php?rest_route=%2Fwp%2Fv2%2Fcomments&post=32"}],"version-history":[{"count":10,"href":"https:\/\/www.jksrotmetal.cz\/index.php?rest_route=\/wp\/v2\/pages\/32\/revisions"}],"predecessor-version":[{"id":248,"href":"https:\/\/www.jksrotmetal.cz\/index.php?rest_route=\/wp\/v2\/pages\/32\/revisions\/248"}],"wp:attachment":[{"href":"https:\/\/www.jksrotmetal.cz\/index.php?rest_route=%2Fwp%2Fv2%2Fmedia&parent=32"}],"curies":[{"name":"wp","href":"https:\/\/api.w.org\/{rel}","templated":true}]}}